{"id":704,"date":"2022-11-16T21:10:09","date_gmt":"2022-11-16T21:10:09","guid":{"rendered":"https:\/\/demo.creativethemes.com\/elementor\/photo-studio\/?page_id=704"},"modified":"2025-10-10T14:12:09","modified_gmt":"2025-10-10T13:12:09","slug":"home","status":"publish","type":"page","link":"https:\/\/satamafilms.com\/","title":{"rendered":"KOTI"},"content":{"rendered":"\t\t<div data-elementor-type=\"wp-page\" data-elementor-id=\"704\" class=\"elementor elementor-704\">\n\t\t\t\t<div class=\"elementor-element elementor-element-032fdd4 e-flex e-con-boxed e-con e-parent\" data-id=\"032fdd4\" data-element_type=\"container\" data-settings=\"{&quot;background_background&quot;:&quot;classic&quot;}\">\n\t\t\t\t\t<div class=\"e-con-inner\">\n\t\t<div class=\"elementor-element elementor-element-0c40582 e-con-full e-flex e-con e-child\" data-id=\"0c40582\" data-element_type=\"container\">\n\t\t\t\t<div class=\"elementor-element elementor-element-6694254 elementor-widget elementor-widget-heading\" data-id=\"6694254\" data-element_type=\"widget\" data-widget_type=\"heading.default\">\n\t\t\t\t<div class=\"elementor-widget-container\">\n\t\t\t\t\t<h2 class=\"elementor-heading-title elementor-size-default\">Laadukkaita videoita edulliseen hintaan<\/h2>\t\t\t\t<\/div>\n\t\t\t\t<\/div>\n\t\t\t\t<div class=\"elementor-element elementor-element-95c1d18 elementor-widget elementor-widget-text-editor\" data-id=\"95c1d18\" data-element_type=\"widget\" data-widget_type=\"text-editor.default\">\n\t\t\t\t<div class=\"elementor-widget-container\">\n\t\t\t\t\t\t\t\t\t<p>Tervetuloa tutustumaan uuteen videotuotantoyhti\u00f6\u00f6mme. Teemme laadukasta j\u00e4lke\u00e4 intohimoisesti ja luovasti edullisella kalustolla. Tarjoammekin kilpailukykyisen hinnan, jotta jokaisella on mahdollisuus hankkia laadukkaita videoita.<\/p>\t\t\t\t\t\t\t\t<\/div>\n\t\t\t\t<\/div>\n\t\t<div class=\"elementor-element elementor-element-a19f0e6 e-flex e-con-boxed e-con e-child\" data-id=\"a19f0e6\" data-element_type=\"container\">\n\t\t\t\t\t<div class=\"e-con-inner\">\n\t\t\t\t<div class=\"elementor-element elementor-element-c353fea elementor-widget elementor-widget-button\" data-id=\"c353fea\" data-element_type=\"widget\" data-widget_type=\"button.default\">\n\t\t\t\t<div class=\"elementor-widget-container\">\n\t\t\t\t\t\t\t\t\t<div class=\"elementor-button-wrapper\">\n\t\t\t\t\t<a class=\"elementor-button elementor-button-link elementor-size-sm\" href=\"https:\/\/satamafilms.com\/index.php\/videotuotannot\/\">\n\t\t\t\t\t\t<span class=\"elementor-button-content-wrapper\">\n\t\t\t\t\t\t\t\t\t<span class=\"elementor-button-text\">LIS\u00c4TIETOJA<\/span>\n\t\t\t\t\t<\/span>\n\t\t\t\t\t<\/a>\n\t\t\t\t<\/div>\n\t\t\t\t\t\t\t\t<\/div>\n\t\t\t\t<\/div>\n\t\t\t\t<div class=\"elementor-element elementor-element-71e2892 elementor-widget elementor-widget-button\" data-id=\"71e2892\" data-element_type=\"widget\" data-widget_type=\"button.default\">\n\t\t\t\t<div class=\"elementor-widget-container\">\n\t\t\t\t\t\t\t\t\t<div class=\"elementor-button-wrapper\">\n\t\t\t\t\t<a class=\"elementor-button elementor-button-link elementor-size-sm\" href=\"https:\/\/satamafilms.com\/index.php\/yhteystiedot\/\">\n\t\t\t\t\t\t<span class=\"elementor-button-content-wrapper\">\n\t\t\t\t\t\t\t\t\t<span class=\"elementor-button-text\">PYYD\u00c4 TARJOUS<\/span>\n\t\t\t\t\t<\/span>\n\t\t\t\t\t<\/a>\n\t\t\t\t<\/div>\n\t\t\t\t\t\t\t\t<\/div>\n\t\t\t\t<\/div>\n\t\t\t\t\t<\/div>\n\t\t\t\t<\/div>\n\t\t\t\t<\/div>\n\t\t\t\t\t<\/div>\n\t\t\t\t<\/div>\n\t\t<div class=\"elementor-element elementor-element-a74abd3 e-flex e-con-boxed e-con e-parent\" data-id=\"a74abd3\" data-element_type=\"container\">\n\t\t\t\t\t<div class=\"e-con-inner\">\n\t\t\t\t<div class=\"elementor-element elementor-element-826cac7 elementor-widget elementor-widget-button\" data-id=\"826cac7\" data-element_type=\"widget\" data-widget_type=\"button.default\">\n\t\t\t\t<div class=\"elementor-widget-container\">\n\t\t\t\t\t\t\t\t\t<div class=\"elementor-button-wrapper\">\n\t\t\t\t\t<a class=\"elementor-button elementor-button-link elementor-size-sm\" href=\"https:\/\/satamafilms.com\/index.php\/yhteystiedot\/\">\n\t\t\t\t\t\t<span class=\"elementor-button-content-wrapper\">\n\t\t\t\t\t\t\t\t\t<span class=\"elementor-button-text\">OTA YHTEYTT\u00c4<\/span>\n\t\t\t\t\t<\/span>\n\t\t\t\t\t<\/a>\n\t\t\t\t<\/div>\n\t\t\t\t\t\t\t\t<\/div>\n\t\t\t\t<\/div>\n\t\t\t\t\t<\/div>\n\t\t\t\t<\/div>\n\t\t<div class=\"elementor-element elementor-element-69bc3d4 e-flex e-con-boxed e-con e-parent\" data-id=\"69bc3d4\" data-element_type=\"container\">\n\t\t\t\t\t<div class=\"e-con-inner\">\n\t\t\t\t<div class=\"elementor-element elementor-element-8a8f3e0 elementor-widget elementor-widget-heading\" data-id=\"8a8f3e0\" data-element_type=\"widget\" data-widget_type=\"heading.default\">\n\t\t\t\t<div class=\"elementor-widget-container\">\n\t\t\t\t\t<h2 class=\"elementor-heading-title elementor-size-default\">\nViimeaikaisia t\u00f6it\u00e4mme<\/h2>\t\t\t\t<\/div>\n\t\t\t\t<\/div>\n\t\t\t\t<div class=\"elementor-element elementor-element-80a19f0 elementor-widget elementor-widget-text-editor\" data-id=\"80a19f0\" data-element_type=\"widget\" data-widget_type=\"text-editor.default\">\n\t\t\t\t<div class=\"elementor-widget-container\">\n\t\t\t\t\t\t\t\t\t<p>Luomme videoita asiakkaiden tarpeiden mukaan.<\/p>\t\t\t\t\t\t\t\t<\/div>\n\t\t\t\t<\/div>\n\t\t\t\t\t<\/div>\n\t\t\t\t<\/div>\n\t\t<div class=\"elementor-element elementor-element-c631f7b e-flex e-con-boxed e-con e-parent\" data-id=\"c631f7b\" data-element_type=\"container\">\n\t\t\t\t\t<div class=\"e-con-inner\">\n\t\t\t\t<div class=\"elementor-element elementor-element-71b0a9f elementor-widget elementor-widget-video\" data-id=\"71b0a9f\" data-element_type=\"widget\" data-settings=\"{&quot;youtube_url&quot;:&quot;https:\\\/\\\/youtu.be\\\/spsIKC997Fo&quot;,&quot;video_type&quot;:&quot;youtube&quot;,&quot;controls&quot;:&quot;yes&quot;}\" data-widget_type=\"video.default\">\n\t\t\t\t<div class=\"elementor-widget-container\">\n\t\t\t\t\t\t\t<div class=\"elementor-wrapper elementor-open-inline\">\n\t\t\t<div class=\"elementor-video\"><\/div>\t\t<\/div>\n\t\t\t\t\t\t<\/div>\n\t\t\t\t<\/div>\n\t\t\t\t\t<\/div>\n\t\t\t\t<\/div>\n\t\t<div class=\"elementor-element elementor-element-0ef099e e-flex e-con-boxed e-con e-parent\" data-id=\"0ef099e\" data-element_type=\"container\">\n\t\t\t\t\t<div class=\"e-con-inner\">\n\t\t\t\t<div class=\"elementor-element elementor-element-228ebb2 elementor-widget elementor-widget-video\" data-id=\"228ebb2\" data-element_type=\"widget\" data-settings=\"{&quot;youtube_url&quot;:&quot;https:\\\/\\\/youtu.be\\\/SRViWAa0lqc&quot;,&quot;video_type&quot;:&quot;youtube&quot;,&quot;controls&quot;:&quot;yes&quot;}\" data-widget_type=\"video.default\">\n\t\t\t\t<div class=\"elementor-widget-container\">\n\t\t\t\t\t\t\t<div class=\"elementor-wrapper elementor-open-inline\">\n\t\t\t<div class=\"elementor-video\"><\/div>\t\t<\/div>\n\t\t\t\t\t\t<\/div>\n\t\t\t\t<\/div>\n\t\t\t\t\t<\/div>\n\t\t\t\t<\/div>\n\t\t<div class=\"elementor-element elementor-element-4393a34 e-flex e-con-boxed e-con e-parent\" data-id=\"4393a34\" data-element_type=\"container\">\n\t\t\t\t\t<div class=\"e-con-inner\">\n\t\t\t\t<div class=\"elementor-element elementor-element-eb0c2c8 elementor-widget elementor-widget-video\" data-id=\"eb0c2c8\" data-element_type=\"widget\" data-settings=\"{&quot;youtube_url&quot;:&quot;https:\\\/\\\/youtu.be\\\/ta1F2GFyev8&quot;,&quot;video_type&quot;:&quot;youtube&quot;,&quot;controls&quot;:&quot;yes&quot;}\" data-widget_type=\"video.default\">\n\t\t\t\t<div class=\"elementor-widget-container\">\n\t\t\t\t\t\t\t<div class=\"elementor-wrapper elementor-open-inline\">\n\t\t\t<div class=\"elementor-video\"><\/div>\t\t<\/div>\n\t\t\t\t\t\t<\/div>\n\t\t\t\t<\/div>\n\t\t\t\t\t<\/div>\n\t\t\t\t<\/div>\n\t\t<div class=\"elementor-element elementor-element-d4ae817 e-flex e-con-boxed e-con e-parent\" data-id=\"d4ae817\" data-element_type=\"container\">\n\t\t\t\t\t<div class=\"e-con-inner\">\n\t\t\t\t<div class=\"elementor-element elementor-element-085a993 elementor-widget elementor-widget-video\" data-id=\"085a993\" data-element_type=\"widget\" data-settings=\"{&quot;youtube_url&quot;:&quot;https:\\\/\\\/www.youtube.com\\\/watch?v=ksaNAB3Co8Y&quot;,&quot;video_type&quot;:&quot;youtube&quot;,&quot;controls&quot;:&quot;yes&quot;}\" data-widget_type=\"video.default\">\n\t\t\t\t<div class=\"elementor-widget-container\">\n\t\t\t\t\t\t\t<div class=\"elementor-wrapper elementor-open-inline\">\n\t\t\t<div class=\"elementor-video\"><\/div>\t\t<\/div>\n\t\t\t\t\t\t<\/div>\n\t\t\t\t<\/div>\n\t\t\t\t\t<\/div>\n\t\t\t\t<\/div>\n\t\t\t\t<\/div>\n\t\t","protected":false},"excerpt":{"rendered":"<p>Laadukkaita videoita edulliseen hintaan Tervetuloa tutustumaan uuteen videotuotantoyhti\u00f6\u00f6mme. Teemme laadukasta j\u00e4lke\u00e4 intohimoisesti ja luovasti edullisella kalustolla. Tarjoammekin kilpailukykyisen hinnan, jotta jokaisella on mahdollisuus hankkia laadukkaita videoita. LIS\u00c4TIETOJA PYYD\u00c4 TARJOUS OTA YHTEYTT\u00c4 Viimeaikaisia t\u00f6it\u00e4mme Luomme videoita asiakkaiden tarpeiden mukaan. https:\/\/youtu.be\/spsIKC997Fohttps:\/\/youtu.be\/SRViWAa0lqchttps:\/\/youtu.be\/ta1F2GFyev8https:\/\/www.youtube.com\/watch?v=ksaNAB3Co8Y<\/p>\n","protected":false},"author":1,"featured_media":0,"parent":0,"menu_order":0,"comment_status":"closed","ping_status":"closed","template":"","meta":{"footnotes":""},"blocksy_meta":{"page_title_panel":"","has_hero_section":"disabled","c31d2079bb58b1fabdb60107f39d4718":"","hero_section":"type-1","hero_elements":[{"id":"custom_title","enabled":true,"heading_tag":"h1","title":"Home"},{"id":"custom_description","enabled":true,"description_visibility":{"desktop":true,"tablet":true,"mobile":false}},{"id":"custom_meta","enabled":false,"meta_elements":[{"id":"author","enabled":true,"label":"By","has_author_avatar":"yes","avatar_size":25},{"id":"post_date","enabled":true,"label":"On","date_format_source":"default","date_format":"M j, Y"},{"id":"updated_date","enabled":false,"label":"On","date_format_source":"default","date_format":"M j, Y"},{"id":"categories","enabled":false,"label":"In","style":"simple"},{"id":"comments","enabled":true}],"page_meta_elements":{"joined":true,"articles_count":true,"comments":true}},{"id":"breadcrumbs","enabled":false}],"ad4a1446ba8a921af7c5818b379fc8ec":"","hero_alignment1":"CT_CSS_SKIP_RULE","hero_margin":40,"hero_alignment2":"center","hero_vertical_alignment":"center","5b8348938344dc0ac46fb350464fa459":"","hero_structure":"narrow","5f8a8efb550a78ee2ef80330d414f661":"","page_title_bg_type":"featured_image","custom_hero_background":{"attachment_id":null},"page_title_image_size":"full","parallax":{"desktop":false,"tablet":false,"mobile":false},"e7ee0b0fc7ee571c27c0136a46f21b1c":"","hero_height":"250px","pageTitleFont":{"family":"Default","variation":"Default","size":"30px","line-height":"CT_CSS_SKIP_RULE","letter-spacing":"CT_CSS_SKIP_RULE","text-transform":"CT_CSS_SKIP_RULE","text-decoration":"CT_CSS_SKIP_RULE"},"pageTitleFontColor":{"default":{"color":"CT_CSS_SKIP_RULEDEFAULT"}},"pageMetaFont":{"family":"Default","variation":"n6","size":"12px","line-height":"1.3","letter-spacing":"CT_CSS_SKIP_RULE","text-transform":"uppercase","text-decoration":"CT_CSS_SKIP_RULE"},"pageMetaFontColor":{"default":{"color":"CT_CSS_SKIP_RULEDEFAULT"},"hover":{"color":"CT_CSS_SKIP_RULEDEFAULT"}},"page_meta_button_type_font_colors":{"default":{"color":"CT_CSS_SKIP_RULEDEFAULT"},"hover":{"color":"CT_CSS_SKIP_RULEDEFAULT"}},"page_meta_button_type_background_colors":{"default":{"color":"CT_CSS_SKIP_RULEDEFAULT"},"hover":{"color":"CT_CSS_SKIP_RULEDEFAULT"}},"pageExcerptFont":{"family":"Default","variation":"Default","size":"CT_CSS_SKIP_RULE","line-height":"CT_CSS_SKIP_RULE","letter-spacing":"CT_CSS_SKIP_RULE","text-transform":"CT_CSS_SKIP_RULE","text-decoration":"CT_CSS_SKIP_RULE"},"pageExcerptColor":{"default":{"color":"CT_CSS_SKIP_RULEDEFAULT"}},"breadcrumbsFont":{"family":"Default","variation":"Default","size":"CT_CSS_SKIP_RULE","line-height":"CT_CSS_SKIP_RULE","letter-spacing":"CT_CSS_SKIP_RULE","text-transform":"CT_CSS_SKIP_RULE","text-decoration":"CT_CSS_SKIP_RULE"},"breadcrumbsFontColor":{"default":{"color":"CT_CSS_SKIP_RULEDEFAULT"},"initial":{"color":"CT_CSS_SKIP_RULEDEFAULT"},"hover":{"color":"CT_CSS_SKIP_RULEDEFAULT"}},"pageTitleOverlay":{"background_type":"color","background_pattern":"type-1","background_image":{"attachment_id":null,"x":0,"y":0},"gradient":"linear-gradient(135deg,rgba(6,147,227,1) 0%,rgb(155,81,224) 100%)","background_repeat":"repeat","background_size":"auto","background_attachment":"scroll","patternColor":{"default":{"color":"#e5e7ea"}},"overlayColor":{"default":{"color":"CT_CSS_SKIP_RULE"}},"backgroundColor":{"default":{"color":"CT_CSS_SKIP_RULE"}}},"pageTitleBackground":{"background_type":"color","background_pattern":"type-1","background_image":{"attachment_id":null,"x":0,"y":0},"gradient":"linear-gradient(135deg,rgba(6,147,227,1) 0%,rgb(155,81,224) 100%)","background_repeat":"repeat","background_size":"auto","background_attachment":"scroll","patternColor":{"default":{"color":"#e5e7ea"}},"overlayColor":{"default":{"color":"CT_CSS_SKIP_RULE"}},"backgroundColor":{"default":{"color":"var(--theme-palette-color-6)"}}},"pageTitlePadding":{"top":"50px","bottom":"50px","left":"auto","right":"auto","linked":true},"708ba072d7c5196e76acf70a2592ff0f":"","page_structure_type":"default","86e76d54fff093484428b20a5c93c411":"","content_style_source":"inherit","content_style":"wide","vertical_spacing_source":"custom","content_area_spacing":"none","background":{"background_type":"color","background_pattern":"type-1","background_image":{"attachment_id":null,"x":0,"y":0},"gradient":"linear-gradient(135deg,rgba(6,147,227,1) 0%,rgb(155,81,224) 100%)","background_repeat":"repeat","background_size":"auto","background_attachment":"scroll","patternColor":{"default":{"color":"#e5e7ea"}},"overlayColor":{"default":{"color":"CT_CSS_SKIP_RULE"}},"backgroundColor":{"default":{"color":"CT_CSS_SKIP_RULE"}}},"content_background":{"background_type":"color","background_pattern":"type-1","background_image":{"attachment_id":null,"x":0,"y":0},"gradient":"linear-gradient(135deg,rgba(6,147,227,1) 0%,rgb(155,81,224) 100%)","background_repeat":"repeat","background_size":"auto","background_attachment":"scroll","patternColor":{"default":{"color":"#e5e7ea"}},"overlayColor":{"default":{"color":"CT_CSS_SKIP_RULE"}},"backgroundColor":{"default":{"color":"var(--theme-palette-color-8)"}}},"content_boxed_shadow":{"inherit":false,"blur":18,"spread":-6,"v_offset":12,"h_offset":0,"inset":false,"enable":true,"color":{"color":"rgba(34, 56, 101, 0.04)"}},"content_boxed_border":{"width":1,"style":"none","color":{"color":"rgba(44,62,80,0.2)"}},"content_boxed_radius":{"top":"3px","bottom":"3px","left":"3px","right":"3px","linked":true},"boxed_content_spacing":{"desktop":{"top":"40px","bottom":"40px","left":"40px","right":"40px","linked":true},"tablet":{"top":"35px","bottom":"35px","left":"35px","right":"35px","linked":true},"mobile":{"top":"20px","bottom":"20px","left":"20px","right":"20px","linked":true}},"5e3573e6a1522eb8f1835365e592022c":"","disable_featured_image":"no","disable_share_box":"no","disable_header":"no","disable_footer":"no","styles_descriptor":{"styles":{"desktop":"","tablet":"","mobile":""},"google_fonts":[],"version":6}},"yoast_head":"<!-- This site is optimized with the Yoast SEO plugin v23.0 - https:\/\/yoast.com\/wordpress\/plugins\/seo\/ -->\n<title>KOTI - Satama Films<\/title>\n<meta name=\"robots\" content=\"index, follow, max-snippet:-1, max-image-preview:large, max-video-preview:-1\" \/>\n<link rel=\"canonical\" href=\"https:\/\/satamafilms.com\/\" \/>\n<meta property=\"og:locale\" content=\"en_US\" \/>\n<meta property=\"og:type\" content=\"article\" \/>\n<meta property=\"og:title\" content=\"KOTI - Satama Films\" \/>\n<meta property=\"og:description\" content=\"Laadukkaita videoita edulliseen hintaan Tervetuloa tutustumaan uuteen videotuotantoyhti\u00f6\u00f6mme. Teemme laadukasta j\u00e4lke\u00e4 intohimoisesti ja luovasti edullisella kalustolla. Tarjoammekin kilpailukykyisen hinnan, jotta jokaisella on mahdollisuus hankkia laadukkaita videoita. LIS\u00c4TIETOJA PYYD\u00c4 TARJOUS OTA YHTEYTT\u00c4 Viimeaikaisia t\u00f6it\u00e4mme Luomme videoita asiakkaiden tarpeiden mukaan. https:\/\/youtu.be\/spsIKC997Fohttps:\/\/youtu.be\/SRViWAa0lqchttps:\/\/youtu.be\/ta1F2GFyev8https:\/\/www.youtube.com\/watch?v=ksaNAB3Co8Y\" \/>\n<meta property=\"og:url\" content=\"https:\/\/satamafilms.com\/\" \/>\n<meta property=\"og:site_name\" content=\"Satama Films\" \/>\n<meta property=\"article:publisher\" content=\"https:\/\/www.facebook.com\/satamafilms\" \/>\n<meta property=\"article:modified_time\" content=\"2025-10-10T13:12:09+00:00\" \/>\n<meta name=\"twitter:card\" content=\"summary_large_image\" \/>\n<meta name=\"twitter:site\" content=\"@SatamaFilms\" \/>\n<meta name=\"twitter:label1\" content=\"Est. reading time\" \/>\n\t<meta name=\"twitter:data1\" content=\"1 minute\" \/>\n<script type=\"application\/ld+json\" class=\"yoast-schema-graph\">{\"@context\":\"https:\/\/schema.org\",\"@graph\":[{\"@type\":\"WebPage\",\"@id\":\"https:\/\/satamafilms.com\/\",\"url\":\"https:\/\/satamafilms.com\/\",\"name\":\"KOTI - Satama Films\",\"isPartOf\":{\"@id\":\"https:\/\/satamafilms.com\/#website\"},\"datePublished\":\"2022-11-16T21:10:09+00:00\",\"dateModified\":\"2025-10-10T13:12:09+00:00\",\"breadcrumb\":{\"@id\":\"https:\/\/satamafilms.com\/#breadcrumb\"},\"inLanguage\":\"en-US\",\"potentialAction\":[{\"@type\":\"ReadAction\",\"target\":[\"https:\/\/satamafilms.com\/\"]}]},{\"@type\":\"BreadcrumbList\",\"@id\":\"https:\/\/satamafilms.com\/#breadcrumb\",\"itemListElement\":[{\"@type\":\"ListItem\",\"position\":1,\"name\":\"Home\",\"item\":\"https:\/\/satamafilms.com\/\"},{\"@type\":\"ListItem\",\"position\":2,\"name\":\"KOTI\"}]},{\"@type\":\"WebSite\",\"@id\":\"https:\/\/satamafilms.com\/#website\",\"url\":\"https:\/\/satamafilms.com\/\",\"name\":\"Satama Films\",\"description\":\"\",\"publisher\":{\"@id\":\"https:\/\/satamafilms.com\/#organization\"},\"potentialAction\":[{\"@type\":\"SearchAction\",\"target\":{\"@type\":\"EntryPoint\",\"urlTemplate\":\"https:\/\/satamafilms.com\/?s={search_term_string}\"},\"query-input\":\"required name=search_term_string\"}],\"inLanguage\":\"en-US\"},{\"@type\":\"Organization\",\"@id\":\"https:\/\/satamafilms.com\/#organization\",\"name\":\"Satama Films Oy\",\"url\":\"https:\/\/satamafilms.com\/\",\"logo\":{\"@type\":\"ImageObject\",\"inLanguage\":\"en-US\",\"@id\":\"https:\/\/satamafilms.com\/#\/schema\/logo\/image\/\",\"url\":\"https:\/\/satamafilms.com\/wp-content\/uploads\/2024\/02\/logo-transparent.png\",\"contentUrl\":\"https:\/\/satamafilms.com\/wp-content\/uploads\/2024\/02\/logo-transparent.png\",\"width\":709,\"height\":421,\"caption\":\"Satama Films Oy\"},\"image\":{\"@id\":\"https:\/\/satamafilms.com\/#\/schema\/logo\/image\/\"},\"sameAs\":[\"https:\/\/www.facebook.com\/satamafilms\",\"https:\/\/x.com\/SatamaFilms\",\"https:\/\/www.instagram.com\/satamafilms\/\",\"https:\/\/www.youtube.com\/@SatamaFilms\",\"https:\/\/www.tiktok.com\/@satamafilms\"]}]}<\/script>\n<!-- \/ Yoast SEO plugin. -->","yoast_head_json":{"title":"KOTI - Satama Films","robots":{"index":"index","follow":"follow","max-snippet":"max-snippet:-1","max-image-preview":"max-image-preview:large","max-video-preview":"max-video-preview:-1"},"canonical":"https:\/\/satamafilms.com\/","og_locale":"en_US","og_type":"article","og_title":"KOTI - Satama Films","og_description":"Laadukkaita videoita edulliseen hintaan Tervetuloa tutustumaan uuteen videotuotantoyhti\u00f6\u00f6mme. Teemme laadukasta j\u00e4lke\u00e4 intohimoisesti ja luovasti edullisella kalustolla. Tarjoammekin kilpailukykyisen hinnan, jotta jokaisella on mahdollisuus hankkia laadukkaita videoita. LIS\u00c4TIETOJA PYYD\u00c4 TARJOUS OTA YHTEYTT\u00c4 Viimeaikaisia t\u00f6it\u00e4mme Luomme videoita asiakkaiden tarpeiden mukaan. https:\/\/youtu.be\/spsIKC997Fohttps:\/\/youtu.be\/SRViWAa0lqchttps:\/\/youtu.be\/ta1F2GFyev8https:\/\/www.youtube.com\/watch?v=ksaNAB3Co8Y","og_url":"https:\/\/satamafilms.com\/","og_site_name":"Satama Films","article_publisher":"https:\/\/www.facebook.com\/satamafilms","article_modified_time":"2025-10-10T13:12:09+00:00","twitter_card":"summary_large_image","twitter_site":"@SatamaFilms","twitter_misc":{"Est. reading time":"1 minute"},"schema":{"@context":"https:\/\/schema.org","@graph":[{"@type":"WebPage","@id":"https:\/\/satamafilms.com\/","url":"https:\/\/satamafilms.com\/","name":"KOTI - Satama Films","isPartOf":{"@id":"https:\/\/satamafilms.com\/#website"},"datePublished":"2022-11-16T21:10:09+00:00","dateModified":"2025-10-10T13:12:09+00:00","breadcrumb":{"@id":"https:\/\/satamafilms.com\/#breadcrumb"},"inLanguage":"en-US","potentialAction":[{"@type":"ReadAction","target":["https:\/\/satamafilms.com\/"]}]},{"@type":"BreadcrumbList","@id":"https:\/\/satamafilms.com\/#breadcrumb","itemListElement":[{"@type":"ListItem","position":1,"name":"Home","item":"https:\/\/satamafilms.com\/"},{"@type":"ListItem","position":2,"name":"KOTI"}]},{"@type":"WebSite","@id":"https:\/\/satamafilms.com\/#website","url":"https:\/\/satamafilms.com\/","name":"Satama Films","description":"","publisher":{"@id":"https:\/\/satamafilms.com\/#organization"},"potentialAction":[{"@type":"SearchAction","target":{"@type":"EntryPoint","urlTemplate":"https:\/\/satamafilms.com\/?s={search_term_string}"},"query-input":"required name=search_term_string"}],"inLanguage":"en-US"},{"@type":"Organization","@id":"https:\/\/satamafilms.com\/#organization","name":"Satama Films Oy","url":"https:\/\/satamafilms.com\/","logo":{"@type":"ImageObject","inLanguage":"en-US","@id":"https:\/\/satamafilms.com\/#\/schema\/logo\/image\/","url":"https:\/\/satamafilms.com\/wp-content\/uploads\/2024\/02\/logo-transparent.png","contentUrl":"https:\/\/satamafilms.com\/wp-content\/uploads\/2024\/02\/logo-transparent.png","width":709,"height":421,"caption":"Satama Films Oy"},"image":{"@id":"https:\/\/satamafilms.com\/#\/schema\/logo\/image\/"},"sameAs":["https:\/\/www.facebook.com\/satamafilms","https:\/\/x.com\/SatamaFilms","https:\/\/www.instagram.com\/satamafilms\/","https:\/\/www.youtube.com\/@SatamaFilms","https:\/\/www.tiktok.com\/@satamafilms"]}]}},"_links":{"self":[{"href":"https:\/\/satamafilms.com\/index.php\/wp-json\/wp\/v2\/pages\/704"}],"collection":[{"href":"https:\/\/satamafilms.com\/index.php\/wp-json\/wp\/v2\/pages"}],"about":[{"href":"https:\/\/satamafilms.com\/index.php\/wp-json\/wp\/v2\/types\/page"}],"author":[{"embeddable":true,"href":"https:\/\/satamafilms.com\/index.php\/wp-json\/wp\/v2\/users\/1"}],"replies":[{"embeddable":true,"href":"https:\/\/satamafilms.com\/index.php\/wp-json\/wp\/v2\/comments?post=704"}],"version-history":[{"count":154,"href":"https:\/\/satamafilms.com\/index.php\/wp-json\/wp\/v2\/pages\/704\/revisions"}],"predecessor-version":[{"id":1402,"href":"https:\/\/satamafilms.com\/index.php\/wp-json\/wp\/v2\/pages\/704\/revisions\/1402"}],"wp:attachment":[{"href":"https:\/\/satamafilms.com\/index.php\/wp-json\/wp\/v2\/media?parent=704"}],"curies":[{"name":"wp","href":"https:\/\/api.w.org\/{rel}","templated":true}]}}